m - 4*z - 71510 = -6*z, 4*m + 3*z = 95344. What are the prime factors of m?
2, 7, 13, 131
Let r(u) = -u**3 - 5*u**2 + 6. Let b be r(-5). Suppose 2311 - 721 = b*k. Suppose 5*i + 3*d = k + 4, d - 3 = 0. What are the prime factors of i?
2, 13
Let i = -50681 - -89542. List the prime factors of i.
38861
Let m(s) = -3*s - 14139 + 14131 + 9*s**2 + s. What are the prime factors of m(3)?
67
Let g(p) be the second derivative of -p**4/12 + p**3/2 - p**2 + 24*p. Let o be g(-3). Let c = 100 + o. What are the prime factors of c?
2, 5
Let o(i) = -21*i - 41. Let t = -377 - -343. What are the prime factors of o(t)?
673
Let y(w) = w**2. Let i(m) = 2*m**2 - 4*m - 3. Let k(a) = i(a) + 5*y(a). Let q(j) = j**2 - 139*j + 537. Let v be q(4). List the prime factors of k(v).
2, 3
Suppose 2*l + 2*t = 64250, -4*l + 2*t + 91089 = -37417. List the prime factors of l.
2, 16063
Suppose 0 = 4*u + 16, 20110 = 5*j - 80*u + 75*u. What are the prime factors of j?
2, 7, 41
Suppose 2*s - 4*v = 7478, 3734 = -2*s + 3*s + 3*v. What are the prime factors of s?
37, 101
Suppose -3*f + 0*v = -4*v + 13, -4*v + 2 = -2*f. Let i(b) = 4*b**2 + 12*b + 5. List the prime factors of i(f).
3, 7, 17
What are the prime factors of 2154*6*(-22)/(-33)?
2, 3, 359
Suppose 0*i + 2*d = -3*i + 19585, d - 26110 = -4*i. What are the prime factors of i?
61, 107
Let i(d) be the second derivative of -d**4/12 - 2*d**3/3 + 103*d**2/2 - 51*d + 13. Let w = 1 + -1. List the prime factors of i(w).
103
Suppose -4*q + 2*k + k - 24 = 0, 3*k - 6 = q. What are the prime factors of -4 - q/(-12)*(-1627 - 3)?
811
Suppose -2*i - 446 - 238 = -3*b, -4*b = -i - 912. Suppose b*n - 903 = 225*n. List the prime factors of n.
7, 43
What are the prime factors of (-8)/(-1)*12622397/1448?
69737
Let n(f) = -f**2 - 20*f + 23. Let m be n(-21). Suppose m*y - 97 = -5*c, -2*c = c - 15. List the prime factors of y.
2, 3
Let c be 142/12 - (-6)/36. Let s be (c/(-3) - -5)*5. Suppose -s*h + 407 + 83 = 0. What are the prime factors of h?
2, 7
List the prime factors of (6/(144/(-150)))/((-1)/1108).
5, 277
Let p(c) = 2*c**2 - 2*c + 212. Let l be -1 + 8/6 - (-5)/(-15). Let g be p(l). Suppose -11*b + 938 = g. List the prime factors of b.
2, 3, 11
Suppose 31 = 13*w - 112. Suppose -w*g + 16*g = 1690. List the prime factors of g.
2, 13
Let s = 270 - 210. List the prime factors of (2109/38)/(9/s).
2, 5, 37
Let p be -176 + -4*(-24)/(-32). Let w = 356 + p. What are the prime factors of w?
3, 59
Let y(g) = -3*g**3 - 4*g**2 - 3*g + 1. Suppose 0 = -34*u + 35*u + 6. List the prime factors of y(u).
523
Let w(h) = -h**2 + h + 31. Let z(y) = 22*y**3 + 2*y**2 + y. Let c be z(-1). Let u be (-2)/(-7) - (-6)/c. What are the prime factors of w(u)?
31
Let p = -749 + 756. Suppose p*t + 585 = 2769. List the prime factors of t.
2, 3, 13
Let p(f) = -53*f + 20. Let b be p(12). Let r = 999 + b. List the prime factors of r.
383
Suppose 2*m = -y - 1, -3*m + 14*y = 10*y - 26. Suppose -6*p - 1861 = -5*w - 4*p, m*w = -3*p + 733. List the prime factors of w.
7, 53
Let y = 18970 - 5058. List the prime factors of y.
2, 37, 47
Let c(o) = 6*o**2 + 43*o + 178. List the prime factors of c(28).
2, 17, 179
Suppose -8 = -4*c, 3*x + 6*c = 3*c + 15. Suppose -5*f = -5*i - 1035, 4*f - x*i + i - 834 = 0. Suppose 21*r + f = 26*r. List the prime factors of r.
2, 3, 7
Suppose 43*o - 36*o + 21 = 0. List the prime factors of 5 - o*180 - -1.
2, 3, 7, 13
Suppose -10*a = -0*a - 90. Let o(f) = f**3 - 8*f**2 + 21*f. What are the prime factors of o(a)?
2, 3, 5
Let m(g) = -g - 9. Let j be m(-14). Suppose 4*t + 4*n = 5*n - 405, -j*n = -5. Let b = t - -178. List the prime factors of b.
7, 11
Let b = 8688 - 5624. What are the prime factors of b?
2, 383
Let k = -3368 - -6484. List the prime factors of k.
2, 19, 41
Let u = -205 + -70. Let s be (-3)/((-30)/u)*1*-2. List the prime factors of 78/5 - 33/s.
3, 5
List the prime factors of ((-2008)/(-3))/(94/423).
2, 3, 251
Let s = -237 - -7618. What are the prime factors of s?
11, 61
Suppose y = -4*f - 0*f - 5336, 5*f = 5*y - 6645. Let j = 407 - f. Suppose 7*r - j - 199 = 0. What are the prime factors of r?
277
Let m(k) = k. Let i be (-1456)/(-65) - (-4)/(-10). Let r(o) = 5*o - 13. Let y(n) = i*m(n) + 2*r(n). What are the prime factors of y(5)?
2, 67
What are the prime factors of (-6)/15*30*(-358 + 5)?
2, 3, 353
Let f(b) = 3*b**2 + 4*b + 13. Let m(n) = -n**2 - 9*n - 8. Let z be m(-7). Suppose z*a = -29 - 19. List the prime factors of f(a).
173
Suppose -1 - 7 = -2*x. Suppose x*o = -14*o + 6966. List the prime factors of o.
3, 43
Suppose 3*b = 3*l + 119202, 113*b = 106*b + 2*l + 278123. List the prime factors of b.
67, 593
Let l = 2939 - 2105. What are the prime factors of l?
2, 3, 139
Suppose -2*h + 3*q + 6430 = -1680, 0 = -2*h - 4*q + 8096. What are the prime factors of h?
2, 1013
Let n = 150224 - 58596. List the prime factors of n.
2, 22907
Let q be 320/(-112)*2*(-21)/12. List the prime factors of 4 + (1017 - (q - 5 - 6)).
2, 7, 73
Let u(i) = -i**3 + 35*i**2 + 29*i + 246. List the prime factors of u(31).
3, 1663
What are the prime factors of 5281*1 + 311 + -329?
19, 277
Let r(s) = 11*s**3 + s**2 + s + 1. Let o be 5/2*(18 - (1 + -3)). Let k = -48 + o. What are the prime factors of r(k)?
5, 19
Let z = -401 + 741. Let p = 417 - z. List the prime factors of p.
7, 11
Let w(c) = 3*c**2 + 22*c - 1595. List the prime factors of w(-44).
5, 11, 59
Suppose -408*w + 407*w = -2130. List the prime factors of w.
2, 3, 5, 71
Suppose 0 = 23*h - 25*h + 660. Let b = h + -135. Let m = 330 - b. List the prime factors of m.
3, 5
Let z(b) = -10*b**3 + 14*b**2 - 23*b. Let h be z(7). Let u = -2071 - h. List the prime factors of u.
2, 3, 139
Suppose -7*w + 17 = 52. Let p(v) = v**3 + 11*v**2 + 14*v + 8. List the prime factors of p(w).
2, 11
Suppose -16797 + 374621 = 32*i. What are the prime factors of i?
2, 5591
Let q = 703 + -75. Suppose s = 5*s - 24. What are the prime factors of (-1)/s - q/(-24)?
2, 13
Let v(r) = -3*r**2 + 7*r + 3433. Let d be v(0). Suppose -3*u - 2*g = -d, -6*u + 7*u - 1149 = -3*g. List the prime factors of u.
3, 127
Suppose 1251*x - 1234*x = 241383. What are the prime factors of x?
3, 4733
Let h = -410 - -9883. What are the prime factors of h?
9473
Suppose 5*t = -59 - 151. Let o(p) = p**3 - 14*p**2 + 12*p + 8. Let k be o(13). What are the prime factors of 3*k*t/9?
2, 5, 7
Let g(r) = 7*r**2 + r - 17. Let a(k) = -7*k**2 + 18. Let i(q) = 4*a(q) + 5*g(q). Let x be -6 - (0/(-114))/(-1*2). What are the prime factors of i(x)?
11, 19
Suppose 2*w - 96 = 258. Suppose -2*q + 113 = -0*f - f, -2*f + 2*q - 228 = 0. Let j = w + f. List the prime factors of j.
2, 31
Let b(i) be the third derivative of -i**6/48 - 7*i**5/30 + i**4 + 33*i**2. Let u(q) be the second derivative of b(q). List the prime factors of u(-7).
7, 11
Let o(i) = 5*i + 40. Let a be o(-6). Suppose -a*w + 6068 = 908. List the prime factors of w.
2, 3, 43
Let c(t) = 16*t**2 - t - 5. Let a be c(4). What are the prime factors of a - (3 - 2 - -1)?
5, 7
Let l(y) = 15*y - 103. Suppose -4*x - 7*x + 121 = 0. List the prime factors of l(x).
2, 31
Let q be 981 + -12*(-5)/15. Suppose 4*d - q = 2771. List the prime factors of d.
3, 313
Suppose -232*n = p - 227*n - 11841, -2*n - 35591 = -3*p. List the prime factors of p.
29, 409
Let p(g) = -108*g**3 - 2*g**2 - 45*g + 28. What are the prime factors of p(-6)?
2, 11777
List the prime factors of 2 + 1 + (55/15)/((-26)/(-17784)).
3, 31
Let i(y) = -y**3 + 8*y**2 - 5*y - 5. Let l be i(7). Suppose -119 - 88 = -l*x. Suppose 26*n - 18 = x*n. List the prime factors of n.
2, 3
Suppose -3*w + 2*z + 36069 = 6*z, 4*z = 3*w - 36021. What are the prime factors of w?
3, 5, 89
What are the prime factors of -8 - (-3695 - (-3 - 1))?
29, 127
What are the prime factors of -2*(-40)/(-16)*-649?
5, 11, 59
Suppose -2*r = -2*m - 1756, -5*r - 2623 = -4*m - 7009. Let w = 378 + r. What are the prime factors of w?
2, 313
Let t(a) = -94*a - 2. Let u be t(-7). Suppose -4*s + u = 5*r, 3*s - 522 - 135 = -5*r. Suppose 83 + r = 5*i. List the prime factors of i.
43
Suppose -3*k - 2*h + 6 = -11, 4*h = 4*k - 16. Suppose 0 = 2*m + 13 + k. Let r(v) = -v**2 - 8*v + 40. What are the prime factors of r(m)?
31
Let w = 357 + -355. List the prime factors of (-54)/(-6) + 55 + w*1.
2, 3, 11
What are the prime factors of 45222/((-2)/